{"id":18,"date":"2017-03-30T22:13:55","date_gmt":"2017-03-30T20:13:55","guid":{"rendered":"http:\/\/ecolelibregouvy.be\/?page_id=18"},"modified":"2026-03-16T14:10:30","modified_gmt":"2026-03-16T13:10:30","slug":"association-des-parents","status":"publish","type":"page","link":"https:\/\/ecolelibregouvy.be\/index.php\/association-des-parents\/","title":{"rendered":"association des parents"},"content":{"rendered":"<p><img loading=\"lazy\" decoding=\"async\" class=\"alignnone\" src=\"https:\/\/scontent-bru2-1.xx.fbcdn.net\/v\/t39.30808-6\/559425807_4111390525801715_4935826396562710646_n.jpg?_nc_cat=104&amp;ccb=1-7&amp;_nc_sid=1d70fc&amp;_nc_ohc=iWp9WFvQ16YQ7kNvwGTorwT&amp;_nc_oc=AdlBEXY8fN0PRFwVq4Pe6_8UynD6PJ1KnBqeglkfekVY7KUt5VK0B0jBQe0ZhsPG1As&amp;_nc_zt=23&amp;_nc_ht=scontent-bru2-1.xx&amp;_nc_gid=oa1SfUZb74oAlIDcDmBMzQ&amp;_nc_ss=8&amp;oh=00_AfyhwAHgM_j8bfJd8pLYPFZNFsEy8kVuUfORSHCGy_IuKw&amp;oe=69BDCAA7\" alt=\"Aucune description de photo disponible.\" width=\"279\" height=\"279\" \/><\/p>\n<p><strong>Pr\u00e9sident:<\/strong> J\u00e9r\u00f4me Meurice<\/p>\n<p>https:\/\/www.facebook.com\/apecolestetherese.gouvy\/<\/p>\n<p>&nbsp;<\/p>\n","protected":false},"excerpt":{"rendered":"<p>Pr\u00e9sident: J\u00e9r\u00f4me Meurice https:\/\/www.facebook.com\/apecolestetherese.gouvy\/ &nbsp;<\/p>\n","protected":false},"author":1,"featured_media":0,"parent":0,"menu_order":0,"comment_status":"closed","ping_status":"closed","template":"","meta":{"footnotes":""},"_links":{"self":[{"href":"https:\/\/ecolelibregouvy.be\/index.php\/wp-json\/wp\/v2\/pages\/18"}],"collection":[{"href":"https:\/\/ecolelibregouvy.be\/index.php\/wp-json\/wp\/v2\/pages"}],"about":[{"href":"https:\/\/ecolelibregouvy.be\/index.php\/wp-json\/wp\/v2\/types\/page"}],"author":[{"embeddable":true,"href":"https:\/\/ecolelibregouvy.be\/index.php\/wp-json\/wp\/v2\/users\/1"}],"replies":[{"embeddable":true,"href":"https:\/\/ecolelibregouvy.be\/index.php\/wp-json\/wp\/v2\/comments?post=18"}],"version-history":[{"count":10,"href":"https:\/\/ecolelibregouvy.be\/index.php\/wp-json\/wp\/v2\/pages\/18\/revisions"}],"predecessor-version":[{"id":3253,"href":"https:\/\/ecolelibregouvy.be\/index.php\/wp-json\/wp\/v2\/pages\/18\/revisions\/3253"}],"wp:attachment":[{"href":"https:\/\/ecolelibregouvy.be\/index.php\/wp-json\/wp\/v2\/media?parent=18"}],"curies":[{"name":"wp","href":"https:\/\/api.w.org\/{rel}","templated":true}]}}