{"id":6,"date":"2017-03-30T22:02:49","date_gmt":"2017-03-30T20:02:49","guid":{"rendered":"http:\/\/ecolelibregouvy.be\/?page_id=6"},"modified":"2026-03-16T14:19:58","modified_gmt":"2026-03-16T13:19:58","slug":"projet-pedagogique","status":"publish","type":"page","link":"https:\/\/ecolelibregouvy.be\/index.php\/projet-pedagogique\/","title":{"rendered":"projet p\u00e9dagogique"},"content":{"rendered":"<p><strong><span style=\"font-size: 18pt;\">Notre Projet p\u00e9dagogique<\/span><\/strong><\/p>\n<p>Nous vous proposons une p\u00e9dagogie\u00a0:<\/p>\n<p><span style=\"font-size: 14pt; color: #000080;\"><strong>Construite sur le sens, c\u2019est-\u00e0-dire<\/strong><\/span><\/p>\n<ul>\n<li>Que l\u2019enfant prend une place centrale et active dans son propre apprentissage\n<ul>\n<li>En favorisant l\u2019autonomie de l\u2019\u00e9l\u00e8ve,<\/li>\n<li>En respectant son droit \u00e0 l\u2019erreur,<\/li>\n<li>En s\u2019auto \u00e9valuant.<\/li>\n<\/ul>\n<\/li>\n<li>Que l\u2019apprentissage est ax\u00e9 sur des savoirs qui trouvent leur sens dans les r\u00e9alit\u00e9s d\u2019aujourd\u2019hui, \u00e9conomiques, sociales, technologiques, num\u00e9riques et artistiques.<\/li>\n<\/ul>\n<p><span style=\"color: #000080; font-size: 14pt;\"><strong>Centr\u00e9e sur le travail de coop\u00e9ration, c\u2019est-\u00e0-dire qu\u2019elle<\/strong><\/span><\/p>\n<ul>\n<li>Permet d\u2019apprendre les uns par les autres, les uns pour les autres.<\/li>\n<li>Encourage et valorise l\u2019effort et l\u2019implication.<\/li>\n<li>Se fonde sur des comportements de travail collectif et individuel, qui favorisent la solidarit\u00e9, la prise de responsabilit\u00e9, la communication.<\/li>\n<\/ul>\n<p><span style=\"color: #000080; font-size: 14pt;\"><strong>Respectueuse des diff\u00e9rences, c\u2019est-\u00e0-dire qu\u2019elle<\/strong><\/span><\/p>\n<ul>\n<li>Offre \u00e0 chacun la libert\u00e9 de se situer dans une \u00e9cole chr\u00e9tienne.<\/li>\n<li>Assure aux \u00e9l\u00e8ves en difficult\u00e9 comme aux plus performants des occasions d\u2019\u00e9panouissement et accepte des rythmes diff\u00e9rents dans l\u2019\u00e9volution de chacun.<\/li>\n<li>Privil\u00e9gie une \u00e9valuation au service des apprentissages pour aider l\u2019\u00e9l\u00e8ve \u00e0 s\u2019am\u00e9liorer.<\/li>\n<\/ul>\n","protected":false},"excerpt":{"rendered":"<p>Notre Projet p\u00e9dagogique Nous vous proposons une p\u00e9dagogie\u00a0: Construite sur le sens, c\u2019est-\u00e0-dire Que l\u2019enfant prend une place centrale et active dans son propre apprentissage En favorisant l\u2019autonomie de l\u2019\u00e9l\u00e8ve, En respectant son droit \u00e0 l\u2019erreur, En s\u2019auto \u00e9valuant. Que&hellip; <br \/><a class=\"read-more-button\" href=\"https:\/\/ecolelibregouvy.be\/index.php\/projet-pedagogique\/\">Savoir plus<\/a><\/p>\n","protected":false},"author":1,"featured_media":0,"parent":0,"menu_order":0,"comment_status":"closed","ping_status":"closed","template":"","meta":{"footnotes":""},"_links":{"self":[{"href":"https:\/\/ecolelibregouvy.be\/index.php\/wp-json\/wp\/v2\/pages\/6"}],"collection":[{"href":"https:\/\/ecolelibregouvy.be\/index.php\/wp-json\/wp\/v2\/pages"}],"about":[{"href":"https:\/\/ecolelibregouvy.be\/index.php\/wp-json\/wp\/v2\/types\/page"}],"author":[{"embeddable":true,"href":"https:\/\/ecolelibregouvy.be\/index.php\/wp-json\/wp\/v2\/users\/1"}],"replies":[{"embeddable":true,"href":"https:\/\/ecolelibregouvy.be\/index.php\/wp-json\/wp\/v2\/comments?post=6"}],"version-history":[{"count":7,"href":"https:\/\/ecolelibregouvy.be\/index.php\/wp-json\/wp\/v2\/pages\/6\/revisions"}],"predecessor-version":[{"id":3256,"href":"https:\/\/ecolelibregouvy.be\/index.php\/wp-json\/wp\/v2\/pages\/6\/revisions\/3256"}],"wp:attachment":[{"href":"https:\/\/ecolelibregouvy.be\/index.php\/wp-json\/wp\/v2\/media?parent=6"}],"curies":[{"name":"wp","href":"https:\/\/api.w.org\/{rel}","templated":true}]}}